 of 6401?
4
What is the hundred thousands digit of 734840?
7
What is the thousands digit of 92658?
2
What is the hundreds digit of 2970916?
9
What is the thousands digit of 1805683?
5
What is the hundred thousands digit of 2358080?
3
What is the tens digit of 746834?
3
What is the hundreds digit of 7792457?
4
What is the ten thousands digit of 556112?
5
What is the units digit of 93859?
9
What is the tens digit of 8652384?
8
What is the hundreds digit of 820304?
3
What is the hundreds digit of 8454752?
7
What is the thousands digit of 23062810?
2
What is the millions digit of 15233317?
5
What is the ten thousands digit of 530902?
3
What is the ten thousands digit of 704610?
0
What is the hundreds digit of 3188760?
7
What is the hundreds digit of 2004887?
8
What is the units digit of 9599202?
2
What is the ten thousands digit of 1046829?
4
What is the hundreds digit of 362416?
4
What is the units digit of 140353?
3
What is the ten thousands digit of 4911649?
1
What is the units digit of 297091?
1
What is the units digit of 3226255?
5
What is the hundred thousands digit of 19462975?
4
What is the ten thousands digit of 1959669?
5
What is the ten millions digit of 14923467?
1
What is the hundred thousands digit of 17231775?
2
What is the tens digit of 5435013?
1
What is the hundreds digit of 3091433?
4
What is the hundreds digit of 598090?
0
What is the thousands digit of 258286?
8
What is the thousands digit of 3283636?
3
What is the units digit of 374355?
5
What is the ten thousands digit of 127732?
2
What is the hundreds digit of 486435?
4
What is the tens digit of 1433487?
8
What is the hundreds digit of 74475?
4
What is the hundred thousands digit of 1674558?
6
What is the units digit of 2806334?
4
What is the thousands digit of 5189579?
9
What is the ten thousands digit of 710232?
1
What is the tens digit of 10260384?
8
What is the millions digit of 1506862?
1
What is the hundred thousands digit of 2169213?
1
What is the hundreds digit of 2684694?
6
What is the millions digit of 5145665?
5
What is the millions digit of 1978756?
1
What is the tens digit of 516887?
8
What is the ten thousands digit of 229169?
2
What is the ten thousands digit of 12329438?
2
What is the ten millions digit of 19089600?
1
What is the tens digit of 15712099?
9
What is the hundreds digit of 76249?
2
What is the thousands digit of 2048990?
8
What is the tens digit of 196070?
7
What is the hundreds digit of 41691?
6
What is the tens digit of 79130?
3
What is the units digit of 531075?
5
What is the ten thousands digit of 7366733?
6
What is the thousands digit of 330336?
0
What is the hundred thousands digit of 359621?
3
What is the ten millions digit of 17146656?
1
What is the millions digit of 2855005?
2
What is the units digit of 15383254?
4
What is the thousands digit of 6774563?
4
What is the tens digit of 251350?
5
What is the ten thousands digit of 288504?
8
What is the millions digit of 4941457?
4
What is the hundreds digit of 1156363?
3
What is the units digit of 23351999?
9
What is the hundreds digit of 24151?
1
What is the thousands digit of 211439?
1
What is the hundred thousands digit of 451255?
4
What is the hundred thousands digit of 282405?
2
What is the thousands digit of 891972?
1
What is the millions digit of 3207785?
3
What is the thousands digit of 120034?
0
What is the hundreds digit of 382492?
4
What is the ten thousands digit of 120926?
2
What is the thousands digit of 428813?
8
What is the units digit of 815933?
3
What is the tens digit of 27808595?
9
What is the hundred thousands digit of 157008?
1
What is the units digit of 4836549?
9
What is the hundreds digit of 269437?
4
What is the tens digit of 13543319?
1
What is the hundreds digit of 218297?
2
What is the units digit of 5058660?
0
What is the hundreds digit of 11290706?
7
What is the hundred thousands digit of 270147?
2
What is the units digit of 5210055?
5
What is the units digit of 624038?
8
What is the tens digit of 6010385?
8
What is the ten thousands digit of 9443336?
4
What is the units digit of 5515503?
3
What is the millions digit of 2072754?
2
What is the ten thousands digit of 948705?
4
What is the thousands digit of 429798?
9
What is the millions digit of 2861517?
2
What is the tens digit of 6417798?
9
What is the units digit of 1584034?
4
What is the units digit of 968652?
2
What is the hundred thousands digit of 232630?
2
What is the hundreds digit of 1305256?
2
What is the units digit of 10622?
2
What is the millions digit of 1582593?
1
What is the units digit of 1342945?
5
What is the hundred thousands digit of 3876936?
8
What is the hundred thousands digit of 213601?
2
What is the hundreds digit of 1130387?
3
What is the thousands digit of 252526?
2
What is the hundreds digit of 2091044?
0
What is the hundreds digit of 21089797?
7
What is the hundreds digit of 93817?
8
What is the ten thousands digit of 5155282?
5
What is the tens digit of 181303?
0
What is the hundred thousands digit of 24226480?
2
What is the hundred thousands digit of 450588?
4
What is the thousands digit of 20542190?
2
What is the millions digit of 9053005?
9
What is the tens digit of 1560962?
6
What is the hundred thousands digit of 447219?
4
What is the ten thousands digit of 335217?
3
What is the units digit of 437316?
6
What is the thousands digit of 2613238?
3
What is the hundred thousands digit of 15602574?
6
What is the units digit of 737382?
2
What is the thousands digit of 21485118?
5
What is the tens digit of 17688467?
6
What is the thousands digit of 283036?
3
What is the hundred thousands digit of 374089?
3
What is the tens digit of 27622983?
8
What is the hundreds digit of 1695999?
9
What is the units digit of 9281705?
5
What is the tens digit of 17313?
1
What is the thousands digit of 2443350?
3
What is the hundred thousands digit of 4162083?
1
What is the ten thousands digit of 602328?
0
What is the hundreds digit of 5624082?
0
What is the hundreds digit of 197080?
0
What is the hundred thousands digit of 6520372?
5
What is the hundreds digit of 4439735?
7
What is the millions digit of 5285265?
5
What is the millions digit of 1872502?
1
What is the hundreds digit of 153121?
1
What is the hundreds digit of 1965216?
2
What is the thousands digit of 1039808?
9
What is the units digit of 1701015?
5
What is the hundreds digit of 693258?
2
What is the tens digit of 3413623?
2
What is the thousands digit of 1622222?
2
What is the hundred thousands digit of 25717278?
7
What is the hundred thousands digit of 2404794?
4
What is the units digit of 593145?
5
What is the tens digit of 1607204?
0
What is the hundreds digit of 27190115?
1
What is the tens digit of 22584946?
4
What is the tens digit of 219732?
3
What is the hundred thousands digit of 683483?
6
What is the tens digit of 38058222?
2
What is the ten thousands digit of 901712?
0
What is the ten thousands digit of 3851529?
5
What is the ten thousands digit of 85979?
8
What is the hundreds digit of 2359138?
1
What is the hundred thousands digit of 151017?
1
What is the hundred thousands digit of 12796578?
7
What is the tens digit of 5518017?
1
What is the hundred thousands digit of 5597852?
5
What is the hundred thousands digit of 1737177?
7
What is the ten thousands digit of 11214?
1
What is the units digit of 236878?
8
What is the hundred thousands digit of 407266?
4
What is the millions digit of 16058431?
6
What is the thousands digit of 317711?
7
What is the units digit of 602892?
2
What is the hundreds digit of 293452?
4
What is the hundreds digit of 1395946?
9
What is the thousands digit of 10556786?
6
What is the millions digit of 6258158?
6
What is the hundred thousands digit of 8010555?
0
What is the hundreds digit of 420198?
1
What is the millions digit of 6716883?
6
What is the ten thousands digit of 5454991?
5
What is the hundreds digit of 1063263?
2
What is the units digit of 563777?
7
What is the millions digit of 6534221?
6
What is the thousands digit of 354575?
4
What is the thousands digit of 2066427?
6
What is the tens digit of 1131421?
2
What is the hundreds digit of 1445347?
3
What is the tens digit of 4473177?
7
What is the tens digit of 3652835?
3
What is the hundred thousands digit of 805219?
8
What is the hun